he thousands digit of 3326366?
6
What is the hundred millions digit of 856456848?
8
What is the ten millions digit of 46568910?
4
What is the units digit of 694631637?
7
What is the millions digit of 3307510328?
7
What is the units digit of 697844626?
6
What is the thousands digit of 4700465045?
5
What is the ten millions digit of 30799467?
3
What is the thousands digit of 804818135?
8
What is the units digit of 105173052?
2
What is the hundred millions digit of 276037788?
2
What is the millions digit of 53261110?
3
What is the ten millions digit of 16985498?
1
What is the units digit of 48686947?
7
What is the hundred thousands digit of 52198625?
1
What is the tens digit of 16758600?
0
What is the thousands digit of 40808812?
8
What is the units digit of 2516136567?
7
What is the hundreds digit of 409693029?
0
What is the ten millions digit of 113058149?
1
What is the tens digit of 33002607?
0
What is the tens digit of 285077218?
1
What is the tens digit of 10352722?
2
What is the tens digit of 54418333?
3
What is the units digit of 21516726?
6
What is the tens digit of 1068473661?
6
What is the billions digit of 4071824496?
4
What is the hundred thousands digit of 848082944?
0
What is the hundreds digit of 4818023?
0
What is the hundreds digit of 212548828?
8
What is the thousands digit of 78950774?
0
What is the ten thousands digit of 27184992?
8
What is the ten thousands digit of 32124316?
2
What is the thousands digit of 14187984?
7
What is the units digit of 192241965?
5
What is the ten millions digit of 48613617?
4
What is the units digit of 140527557?
7
What is the millions digit of 57146438?
7
What is the ten millions digit of 36385542?
3
What is the millions digit of 895191062?
5
What is the hundreds digit of 238375804?
8
What is the thousands digit of 41322929?
2
What is the millions digit of 1159244413?
9
What is the units digit of 34055655?
5
What is the hundreds digit of 19842050?
0
What is the ten thousands digit of 545879161?
7
What is the hundred thousands digit of 376529890?
5
What is the units digit of 56185956?
6
What is the thousands digit of 20272339?
2
What is the millions digit of 135315178?
5
What is the millions digit of 1112947564?
2
What is the billions digit of 1087238285?
1
What is the hundreds digit of 2596109055?
0
What is the units digit of 94825233?
3
What is the ten millions digit of 4569123151?
6
What is the thousands digit of 232474193?
4
What is the hundreds digit of 299929838?
8
What is the tens digit of 1054609672?
7
What is the tens digit of 108554894?
9
What is the millions digit of 38919271?
8
What is the millions digit of 423008225?
3
What is the hundred millions digit of 1717055150?
7
What is the ten millions digit of 172673885?
7
What is the millions digit of 25535376?
5
What is the hundred thousands digit of 835716188?
7
What is the hundred millions digit of 364553590?
3
What is the hundred millions digit of 466384331?
4
What is the ten millions digit of 83864741?
8
What is the ten millions digit of 5470752276?
7
What is the units digit of 1417486082?
2
What is the units digit of 307087090?
0
What is the ten thousands digit of 391032492?
3
What is the units digit of 53144682?
2
What is the hundreds digit of 611523376?
3
What is the ten millions digit of 1432863053?
3
What is the hundreds digit of 89335886?
8
What is the hundreds digit of 463918303?
3
What is the thousands digit of 3703595035?
5
What is the tens digit of 55777642?
4
What is the hundreds digit of 46112054?
0
What is the hundreds digit of 1253807637?
6
What is the hundreds digit of 2585157193?
1
What is the hundreds digit of 2389441308?
3
What is the millions digit of 10709804?
0
What is the hundred thousands digit of 73638489?
6
What is the ten thousands digit of 84196763?
9
What is the ten thousands digit of 25128661?
2
What is the hundred thousands digit of 31280721?
2
What is the hundreds digit of 360863248?
2
What is the hundreds digit of 211922655?
6
What is the thousands digit of 2330023779?
3
What is the ten millions digit of 167778106?
6
What is the ten millions digit of 60902999?
6
What is the tens digit of 3430561?
6
What is the millions digit of 929719456?
9
What is the ten thousands digit of 4350707124?
0
What is the ten thousands digit of 438152891?
5
What is the thousands digit of 5706584751?
4
What is the units digit of 81151352?
2
What is the hundred millions digit of 262613034?
2
What is the thousands digit of 73463317?
3
What is the hundred millions digit of 277973302?
2
What is the hundred millions digit of 184156953?
1
What is the ten millions digit of 157311237?
5
What is the hundred thousands digit of 3503042511?
0
What is the millions digit of 3010191559?
0
What is the hundred thousands digit of 2073964766?
9
What is the hundred thousands digit of 4144839347?
8
What is the billions digit of 1549529657?
1
What is the ten millions digit of 540624577?
4
What is the units digit of 131012973?
3
What is the thousands digit of 78967258?
7
What is the tens digit of 608172286?
8
What is the tens digit of 4052105?
0
What is the units digit of 360802779?
9
What is the hundreds digit of 1360701714?
7
What is the hundred millions digit of 1657719711?
6
What is the hundred millions digit of 386466788?
3
What is the ten thousands digit of 34168837?
6
What is the hundred thousands digit of 126896640?
8
What is the units digit of 2412308?
8
What is the units digit of 936139613?
3
What is the tens digit of 1037353063?
6
What is the thousands digit of 9073936?
3
What is the hundreds digit of 4141844523?
5
What is the hundreds digit of 494418001?
0
What is the thousands digit of 199557112?
7
What is the units digit of 683567142?
2
What is the thousands digit of 287119446?
9
What is the hundred millions digit of 210241141?
2
What is the units digit of 3062443041?
1
What is the ten millions digit of 82429193?
8
What is the thousands digit of 140081319?
1
What is the ten millions digit of 126810583?
2
What is the units digit of 1623410?
0
What is the units digit of 2934125374?
4
What is the hundreds digit of 361887748?
7
What is the ten thousands digit of 75707802?
0
What is the millions digit of 254377798?
4
What is the ten millions digit of 83915365?
8
What is the hundreds digit of 1127707144?
1
What is the hundreds digit of 4231601?
6
What is the hundred millions digit of 1230790543?
2
What is the tens digit of 23395063?
6
What is the millions digit of 3181109508?
1
What is the thousands digit of 1526031875?
1
What is the thousands digit of 106677849?
7
What is the hundred thousands digit of 2556050138?
0
What is the tens digit of 107641984?
8
What is the tens digit of 1120783?
8
What is the hundred thousands digit of 347204093?
2
What is the tens digit of 207896176?
7
What is the ten millions digit of 187230673?
8
What is the tens digit of 1276166709?
0
What is the hundred thousands digit of 44930777?
9
What is the units digit of 88081025?
5
What is the thousands digit of 841234300?
4
What is the thousands digit of 88866007?
6
What is the hundred millions digit of 1159954026?
1
What is the hundred millions digit of 140036636?
1
What is the thousands digit of 28843947?
3
What is the units digit of 101661196?
6
What is the thousands digit of 26674658?
4
What is the hundred thousands digit of 27184156?
1
What is the hundred millions digit of 459950342?
4
What is the hundred thousands digit of 2038259744?
2
What is the millions digit of 13003179?
3
What is the thousands digit of 262190900?
0
What is the units digit of 249788263?
3
What is the tens digit of 382965652?
5
What is the hundreds digit of 805717892?
8
What is the units digit of 52676350?
0
What is the billions digit of 4151901649?
4
What is the hundred millions digit of 101442195?
1
What is the thousands digit of 2079569220?
9
What is the hundred millions digit of 1437437237?
4
What is the millions digit of 2051068619?
1
What is the thousands digit of 11999465?
9
What is the hundreds digit of 4220506821?
8
What is the hundreds digit of 104467689?
6
What is the millions digit of 4790390179?
0
What is the ten millions digit of 66047321?
6
What is the hundred millions digit of 344129037?
3
What is the hundreds digit of 663695406?
4
What is the ten thousands digit of 1838